{"id":3089,"date":"2014-04-03T16:00:33","date_gmt":"2014-04-03T13:00:33","guid":{"rendered":"http:\/\/rftek.com.tr\/?page_id=3089"},"modified":"2015-08-14T15:18:59","modified_gmt":"2015-08-14T12:18:59","slug":"yayinlar-patentler","status":"publish","type":"page","link":"http:\/\/www.rftek.com.tr\/?page_id=3089","title":{"rendered":"Yay\u0131nlar &#038; Patentler"},"content":{"rendered":"<h3 style=\"text-align: justify;\"><span style=\"text-decoration: underline;\"><strong>YAYINLAR<\/strong><\/span><\/h3>\n<ol style=\"text-align: justify;\">\n<li>O. Bostan, H. Aydogmus, S. Topaloglu, O. Palamutcuoglu,\u00a0<strong>\u201cDesign and Implementation of A Low-cost, Compact and Long Range Monostatic UHF RFID Reader with Read Point Extension,\u201d<\/strong>\u00a0Proceedings of the IEEE 12th Signal Processing and Communications Applications Conference, 23-25 April 2014<\/li>\n<li>H. Aydogmus, A. Akbas, I. Delibasoglu,\u00a0<strong>\u201cDesigning a CAN BUS based Measurement System for Forklift\u00a0Simulator,<strong>\u201d<\/strong><\/strong>\u00a0Proceedings of \u00a0the IEEE\u00a0Technological Advances in Electrical, Electronics and Computer Engineering International Conference, 9-11 May 2013<\/li>\n<li>O. Bostan, H. Aydogmus, S. Topaloglu,\u00a0<strong>\u201cDesign of A Low-power, Low-cost UHF RFID Reader Module for Short Range Applications,\u201d<\/strong>\u00a0Turkish Journal of Electrical Engineering and Computer Sciences,\u00a002.12.2014, DOI: 10.3906\/elk-1312-230<\/li>\n<\/ol>\n<h3 style=\"text-align: justify;\"><\/h3>\n<h3 style=\"text-align: justify;\"><span style=\"text-decoration: underline;\"><strong>PATENTLER<\/strong><\/span><\/h3>\n<ol style=\"text-align: justify;\">\n<li><strong>Bir Anten \u00c7oklay\u0131c\u0131<\/strong> (Faydal\u0131 model)\u00a0(Tescil No:\u00a02013\/05277)<\/li>\n<li><strong>Bir Stok Takibi Yapabilen Ak\u0131ll\u0131 Raf<\/strong> (Tescil No: 2013\/05286)<\/li>\n<\/ol>\n","protected":false},"excerpt":{"rendered":"<p>YAYINLAR O. Bostan, H. Aydogmus, S. Topaloglu, O. Palamutcuoglu,\u00a0\u201cDesign and Implementation of A Low-cost, Compact and Long Range Monostatic UHF RFID Reader with Read Point Extension,\u201d\u00a0Proceedings of the IEEE 12th Signal Processing and Communications Applications Conference, 23-25 April 2014 H. Aydogmus, A. Akbas, I. Delibasoglu,\u00a0\u201cDesigning a CAN BUS based Measurement System for Forklift\u00a0Simulator,\u201d\u00a0Proceedings of \u00a0the IEEE\u00a0Technological Advances in Electrical, Electronics and Computer Engineering International Conference, 9-11 May 2013 O. Bostan, H. Aydogmus, S. Topaloglu,\u00a0\u201cDesign of A Low-power, Low-cost UHF RFID Reader Module for Short Range Applications,\u201d\u00a0Turkish Journal of Electrical Engineering and Computer Sciences,\u00a002.12.2014, DOI: 10.3906\/elk-1312-230 PATENTLER Bir Anten \u00c7oklay\u0131c\u0131 (Faydal\u0131 model)\u00a0(Tescil No:\u00a02013\/05277) Bir Stok Takibi Yapabilen Ak\u0131ll\u0131 Raf (Tescil No: 2013\/05286)<\/p>\n","protected":false},"author":1,"featured_media":0,"parent":0,"menu_order":0,"comment_status":"open","ping_status":"open","template":"","meta":{"footnotes":""},"class_list":["post-3089","page","type-page","status-publish","hentry"],"_links":{"self":[{"href":"http:\/\/www.rftek.com.tr\/index.php?rest_route=\/wp\/v2\/pages\/3089"}],"collection":[{"href":"http:\/\/www.rftek.com.tr\/index.php?rest_route=\/wp\/v2\/pages"}],"about":[{"href":"http:\/\/www.rftek.com.tr\/index.php?rest_route=\/wp\/v2\/types\/page"}],"author":[{"embeddable":true,"href":"http:\/\/www.rftek.com.tr\/index.php?rest_route=\/wp\/v2\/users\/1"}],"replies":[{"embeddable":true,"href":"http:\/\/www.rftek.com.tr\/index.php?rest_route=%2Fwp%2Fv2%2Fcomments&post=3089"}],"version-history":[{"count":19,"href":"http:\/\/www.rftek.com.tr\/index.php?rest_route=\/wp\/v2\/pages\/3089\/revisions"}],"predecessor-version":[{"id":3091,"href":"http:\/\/www.rftek.com.tr\/index.php?rest_route=\/wp\/v2\/pages\/3089\/revisions\/3091"}],"wp:attachment":[{"href":"http:\/\/www.rftek.com.tr\/index.php?rest_route=%2Fwp%2Fv2%2Fmedia&parent=3089"}],"curies":[{"name":"wp","href":"https:\/\/api.w.org\/{rel}","templated":true}]}}