{"id":1358,"date":"2012-01-08T17:53:11","date_gmt":"2012-01-08T17:53:11","guid":{"rendered":"http:\/\/themes.goodlayers.com\/modernize\/?page_id=1358"},"modified":"2020-10-04T23:09:55","modified_gmt":"2020-10-04T20:09:55","slug":"typography","status":"publish","type":"page","link":"http:\/\/www.rftek.com.tr\/?page_id=1358","title":{"rendered":"Hakk\u0131m\u0131zda"},"content":{"rendered":"<h3 style=\"text-align: justify;\"><strong>\u015e\u0130RKET PROF\u0130L\u0130<\/strong><\/h3>\n<p style=\"text-align: justify;\"><span style=\"font-size: 13px;\">RFtek Elektronik, Bilim, Sanayi ve Teknoloji Bakanl\u0131\u011f\u0131&#8217;n\u0131n sa\u011flam\u0131\u015f oldu\u011fu Teknogiri\u015fim Sermayesi Deste\u011fi kapsam\u0131nda 2012 y\u0131l\u0131nda \u0130stanbul&#8217;da kurulmu\u015ftur. E\u011fitim Teknolojileri, Otomotiv End\u00fcstrisi, Medikal Sistemler ve Savunma Sanayii alanlar\u0131nda \u00fcr\u00fcn ve sistem geli\u015ftirme s\u00fcre\u00e7lerinde rol almakta, Milli Teknoloji&#8217;nin geli\u015fimine katk\u0131da bulunmak i\u00e7in \u00e7al\u0131\u015fmalar\u0131n\u0131 s\u00fcrd\u00fcrmektedir.\u00a0<\/span><\/p>\n<h3 style=\"text-align: justify;\"><strong>M\u0130SYON<\/strong><\/h3>\n<p style=\"text-align: justify;\">Y\u00fcksek teknoloji ve Ar-Ge i\u015fbirliklerinden yola \u00e7\u0131karak, g\u00fcvenilir ve kaliteli bir hizmet anlay\u0131\u015f\u0131 ile m\u00fc\u015fteri odakl\u0131 \u00fcr\u00fcnler ve \u00e7\u00f6z\u00fcmler sunmak.<\/p>\n<h3 style=\"text-align: justify;\"><strong>V\u0130ZYON<\/strong><\/h3>\n<p style=\"text-align: justify;\">Sekt\u00f6r\u00fcn ihtiya\u00e7 ve beklentilerine teknoloji tabanl\u0131 \u00e7\u00f6z\u00fcmler ile cevap veren, Ar-Ge ruhunu \u00f6z\u00fcmsemi\u015f, m\u00fc\u015fteri memnuniyetini ilk planda tutan, Elektronik Ar-Ge alan\u0131nda lider bir teknoloji firmas\u0131 olmak.<\/p>\n","protected":false},"excerpt":{"rendered":"<p>\u015e\u0130RKET PROF\u0130L\u0130 RFtek Elektronik, Bilim, Sanayi ve Teknoloji Bakanl\u0131\u011f\u0131&#8217;n\u0131n sa\u011flam\u0131\u015f oldu\u011fu Teknogiri\u015fim Sermayesi Deste\u011fi kapsam\u0131nda 2012 y\u0131l\u0131nda \u0130stanbul&#8217;da kurulmu\u015ftur. E\u011fitim Teknolojileri, Otomotiv End\u00fcstrisi, Medikal Sistemler ve Savunma Sanayii alanlar\u0131nda \u00fcr\u00fcn ve sistem geli\u015ftirme s\u00fcre\u00e7lerinde rol almakta, Milli Teknoloji&#8217;nin geli\u015fimine katk\u0131da bulunmak i\u00e7in \u00e7al\u0131\u015fmalar\u0131n\u0131 s\u00fcrd\u00fcrmektedir.\u00a0 M\u0130SYON Y\u00fcksek teknoloji ve Ar-Ge i\u015fbirliklerinden yola \u00e7\u0131karak, g\u00fcvenilir ve kaliteli bir hizmet anlay\u0131\u015f\u0131 ile m\u00fc\u015fteri odakl\u0131 \u00fcr\u00fcnler ve \u00e7\u00f6z\u00fcmler sunmak. V\u0130ZYON Sekt\u00f6r\u00fcn ihtiya\u00e7 ve beklentilerine teknoloji tabanl\u0131 \u00e7\u00f6z\u00fcmler ile cevap veren, Ar-Ge ruhunu \u00f6z\u00fcmsemi\u015f, m\u00fc\u015fteri memnuniyetini ilk planda tutan, Elektronik Ar-Ge alan\u0131nda lider bir teknoloji firmas\u0131 olmak.<\/p>\n","protected":false},"author":1,"featured_media":0,"parent":0,"menu_order":0,"comment_status":"open","ping_status":"open","template":"","meta":{"footnotes":""},"class_list":["post-1358","page","type-page","status-publish","hentry"],"_links":{"self":[{"href":"http:\/\/www.rftek.com.tr\/index.php?rest_route=\/wp\/v2\/pages\/1358"}],"collection":[{"href":"http:\/\/www.rftek.com.tr\/index.php?rest_route=\/wp\/v2\/pages"}],"about":[{"href":"http:\/\/www.rftek.com.tr\/index.php?rest_route=\/wp\/v2\/types\/page"}],"author":[{"embeddable":true,"href":"http:\/\/www.rftek.com.tr\/index.php?rest_route=\/wp\/v2\/users\/1"}],"replies":[{"embeddable":true,"href":"http:\/\/www.rftek.com.tr\/index.php?rest_route=%2Fwp%2Fv2%2Fcomments&post=1358"}],"version-history":[{"count":22,"href":"http:\/\/www.rftek.com.tr\/index.php?rest_route=\/wp\/v2\/pages\/1358\/revisions"}],"predecessor-version":[{"id":3297,"href":"http:\/\/www.rftek.com.tr\/index.php?rest_route=\/wp\/v2\/pages\/1358\/revisions\/3297"}],"wp:attachment":[{"href":"http:\/\/www.rftek.com.tr\/index.php?rest_route=%2Fwp%2Fv2%2Fmedia&parent=1358"}],"curies":[{"name":"wp","href":"https:\/\/api.w.org\/{rel}","templated":true}]}}